{"id":40,"date":"2023-05-26T11:49:09","date_gmt":"2023-05-26T11:49:09","guid":{"rendered":"http:\/\/vollkornbaeckerei-scharnebeck.de\/?page_id=40"},"modified":"2023-05-26T11:49:09","modified_gmt":"2023-05-26T11:49:09","slug":"impressum","status":"publish","type":"page","link":"http:\/\/vollkornbaeckerei-scharnebeck.de\/?page_id=40","title":{"rendered":"Impressum"},"content":{"rendered":"<p>Vollkornb\u00e4ckerei Scharnebeck<br \/>\nInhaberin Regina Dehmel<br \/>\nB\u00e4ckermeisterin<br \/>\nHauptstra\u00dfe 24<br \/>\n21379 Scharnebeck<\/p>\n<p>Fon: 04136 \u2013 8848<br \/>\nFax: 04136 \u2013 911288<br \/>\nE-Mail: &#107;&#111;&#x6e;t&#97;&#x6b;&#x74;&#64;&#115;&#x63;&#x68;a&#114;&#x6e;&#x65;b&#97;&#x65;&#x63;k&#101;&#x72;&#x2e;d&#101;<\/p>\n<p>Umsatzsteueridentifikationsnummer: DE 116 04 16 92<\/p>\n","protected":false},"excerpt":{"rendered":"<p>Vollkornb\u00e4ckerei Scharnebeck Inhaberin Regina Dehmel B\u00e4ckermeisterin Hauptstra\u00dfe 24 21379 Scharnebeck Fon: 04136 \u2013 8848 Fax: 04136 \u2013 911288 E-Mail: &#x6b;&#x6f;&#x6e;&#x74;&#x61;&#x6b;&#x74;&#x40;&#115;&#99;&#104;&#97;&#114;&#110;&#101;baec&#x6b;&#x65;&#x72;&#x2e;&#x64;&#x65; Umsatzsteueridentifikationsnummer: DE 116 04 16&#8230;<\/p>\n<div class=\"more-link-wrapper\"><a class=\"more-link\" href=\"http:\/\/vollkornbaeckerei-scharnebeck.de\/?page_id=40\">Weiterlesen<span class=\"screen-reader-text\">Impressum<\/span><\/a><\/div>\n","protected":false},"author":1,"featured_media":0,"parent":0,"menu_order":0,"comment_status":"closed","ping_status":"closed","template":"","meta":{"footnotes":""},"_links":{"self":[{"href":"http:\/\/vollkornbaeckerei-scharnebeck.de\/index.php?rest_route=\/wp\/v2\/pages\/40"}],"collection":[{"href":"http:\/\/vollkornbaeckerei-scharnebeck.de\/index.php?rest_route=\/wp\/v2\/pages"}],"about":[{"href":"http:\/\/vollkornbaeckerei-scharnebeck.de\/index.php?rest_route=\/wp\/v2\/types\/page"}],"author":[{"embeddable":true,"href":"http:\/\/vollkornbaeckerei-scharnebeck.de\/index.php?rest_route=\/wp\/v2\/users\/1"}],"replies":[{"embeddable":true,"href":"http:\/\/vollkornbaeckerei-scharnebeck.de\/index.php?rest_route=%2Fwp%2Fv2%2Fcomments&post=40"}],"version-history":[{"count":1,"href":"http:\/\/vollkornbaeckerei-scharnebeck.de\/index.php?rest_route=\/wp\/v2\/pages\/40\/revisions"}],"predecessor-version":[{"id":41,"href":"http:\/\/vollkornbaeckerei-scharnebeck.de\/index.php?rest_route=\/wp\/v2\/pages\/40\/revisions\/41"}],"wp:attachment":[{"href":"http:\/\/vollkornbaeckerei-scharnebeck.de\/index.php?rest_route=%2Fwp%2Fv2%2Fmedia&parent=40"}],"curies":[{"name":"wp","href":"https:\/\/api.w.org\/{rel}","templated":true}]}}

<p>Vollkornbäckerei Scharnebeck<br />
Inhaberin Regina Dehmel<br />
Bäckermeisterin<br />
Hauptstraße 24<br />
21379 Scharnebeck</p>
<p>Fon: 04136 – 8848<br />
Fax: 04136 – 911288<br />
E-Mail: &#107;&#111;&#x6e;t&#97;&#x6b;&#x74;&#64;&#115;&#x63;&#x68;a&#114;&#x6e;&#x65;b&#97;&#x65;&#x63;k&#101;&#x72;&#x2e;d&#101;</p>
<p>Umsatzsteueridentifikationsnummer: DE 116 04 16 92</p>

<p>Vollkornbäckerei Scharnebeck Inhaberin Regina Dehmel Bäckermeisterin Hauptstraße 24 21379 Scharnebeck Fon: 04136 – 8848 Fax: 04136 – 911288 E-Mail: &#x6b;&#x6f;&#x6e;&#x74;&#x61;&#x6b;&#x74;&#x40;&#115;&#99;&#104;&#97;&#114;&#110;&#101;baec&#x6b;&#x65;&#x72;&#x2e;&#x64;&#x65; Umsatzsteueridentifikationsnummer: DE 116 04 16&#8230;</p>
<div class="more-link-wrapper"><a class="more-link" href="http://vollkornbaeckerei-scharnebeck.de/?page_id=40">Weiterlesen<span class="screen-reader-text">Impressum</span></a></div>
