{"id":25,"date":"2023-04-25T10:02:11","date_gmt":"2023-04-25T10:02:11","guid":{"rendered":"http:\/\/vollkornbaeckerei-scharnebeck.de\/?page_id=25"},"modified":"2023-05-26T11:48:40","modified_gmt":"2023-05-26T11:48:40","slug":"datenschutzerklaerung","status":"publish","type":"page","link":"http:\/\/vollkornbaeckerei-scharnebeck.de\/?page_id=25","title":{"rendered":"Datenschutzerkl\u00e4rung"},"content":{"rendered":"<p><strong>Datenschutzerkl\u00e4rung<\/strong><\/p>\n<p>Wenn Sie unsere Internetseite besuchen oder unsere Produkte bestellen verarbeiten wir in diesem Zusammenhang personenbezogene Daten von Ihnen. \u00dcber diese Datenverarbeitung und Ihre Rechte informieren wie Sie im Folgenden.<\/p>\n<p><strong>Wer ist f\u00fcr die Verarbeitung Ihrer Daten verantwortlich?<\/strong><\/p>\n<p>Regina Dehmel<br \/>\nB\u00e4ckermeisterin<br \/>\nHauptstra\u00dfe 24<br \/>\n21379 Scharnebeck<br \/>\nFon: 04136 \u2013 8848<br \/>\nFax: 04136 \u2013 911288<br \/>\nE-Mail: &#x6b;&#111;&#x6e;&#x74;&#97;&#x6b;&#x74;&#64;&#x73;&#x63;&#104;&#x61;&#x72;n&#x65;&#x62;a&#x65;&#99;k&#x65;&#114;&#46;&#x64;&#101;<\/p>\n<p><strong>Serverdaten<\/strong><\/p>\n<p>Wenn Sie unsere Internetseite besuchen verarbeiten wir folgende Daten von Ihnen:<\/p>\n<p>&#8211; Browsertyp und -version des zugreifenden Rechners<br \/>\n&#8211; Betriebssystem des zugreifenden Rechners<br \/>\n&#8211; Referenz ULR<br \/>\n&#8211; IP-Adresse<br \/>\n&#8211; Hostname des zugreifenden Rechners<br \/>\n&#8211; Uhrzeit der Serveranfrage<br \/>\n&#8211; Menge der gesendeten Daten in Bytes<\/p>\n<p>Diese Daten werden so genannten Logfiles von Ihrem Browser automatisch an uns \u00fcbermittelt. Sie werden nur vor\u00fcbergehend gespeichert und nach Beendigung des Besuches unserer Internetseite gel\u00f6scht, soweit sie nicht zu Beweiszwecken bei technischen Vorf\u00e4llen ben\u00f6tigt werden oder Aufbewahrungspflichten einer L\u00f6schung entgegenstehen.<\/p>\n<p>Rechtsgrundlage ist unser berechtigtes Interesse an der werblichen Pr\u00e4sentation unserer B\u00e4ckerei und der Gew\u00e4hrleistung der technischen Sicherheit und Stabilit\u00e4t unserer Internetseite (Art. 6 Abs. 1 Buchst. f) DSGVO).<\/p>\n<p><strong>Kontaktdaten<\/strong><\/p>\n<p>Wenn Sie unsere Produkte bestellen werden zur Abwicklung Ihrer Bestellung folgende Daten von Ihnen verarbeitet:<\/p>\n<p>&#8211; Name<br \/>\n&#8211; Lieferadresse<br \/>\n&#8211; Rechnungsadresse<br \/>\n&#8211; Kontaktdaten wie Telefonnummer, E-Mailadresse<br \/>\n&#8211; Bankverbindungsdaten<\/p>\n<p>Diese Daten erhalten wir von Ihnen selbst.<br \/>\nRechtsgrundlage ist die Anbahnung und Durchf\u00fchrung des mit Ihnen geschlossenen Vertrages (Art. 6 Abs. 1 Buchst. b) DSGVO). Wir speichern diese Daten im Rahmen der bestehenden Gesch\u00e4ftsbeziehung. Eine L\u00f6schung erfolgt nach Ende der Gesch\u00e4ftsbeziehung, soweit keine Aufbewahrungspflichten (z.B. aus steuerrechtlichen Vorschriften) einer L\u00f6schung entgegenstehen.<\/p>\n<p>Zur Auslieferung Ihrer Bestellung werden Name, Lieferadresse und Telefonnummer an unseren Lieferdienst weitergegeben.<\/p>\n<p><strong>Werden meine Daten in L\u00e4nder au\u00dferhalb des Geltungsbereiches der DSGVO \u00fcbermittelt?<\/strong><\/p>\n<p>Eine Daten\u00fcbermittlung in so genannte Drittl\u00e4nder findet nicht statt.<\/p>\n<p><strong>Welche Rechte kann ich im Hinblick auf die Verarbeitung meiner Daten geltend machen?<\/strong><\/p>\n<p>In Bezug auf die Verarbeitung Ihrer Daten k\u00f6nnen Sie uns gegen\u00fcber folgende Rechte geltend machen:<\/p>\n<p>&#8211; das Recht auf Best\u00e4tigung, ob Ihre Daten verarbeitet werden, auf Auskunft \u00fcber die verarbeiteten Daten, auf weitere Informationen \u00fcber die Datenverarbeitung sowie auf Kopien der Daten (Art. 15 DSGVO)<br \/>\n&#8211; das Recht auf Berichtigung oder Vervollst\u00e4ndigung unrichtiger bzw. unvollst\u00e4ndiger Daten (Art. 16 DSGVO)<br \/>\n&#8211; das Recht auf L\u00f6schung der Sie betreffenden Daten (Art. 17 DSGVO), bzw. soweit eine weitere Verarbeitung gem\u00e4\u00df Art. 17 Abs. 3 DSGVO unsererseits erforderlich ist, auf Einschr\u00e4nkung der Verarbeitung (Art. 18 DSGVO)<br \/>\n&#8211; das Recht auf Beschwerde gegen\u00fcber der Aufsichtsbeh\u00f6rde, sollten Sie der Ansicht sein, dass die Ihre Daten nicht entsprechend bestehender datenschutzrechtlichen Bestimmungen verarbeitet werden (Art. 77 DSGVO). Die f\u00fcr uns zust\u00e4ndige Aufsichtsbeh\u00f6rde ist die<br \/>\nLandesbeauftragte f\u00fcr den Datenschutz Niedersachsen<br \/>\nTelefon: +49 (0511) 120 45 00<br \/>\nTelefax: +49 (0511) 120 45 99<br \/>\nE-Mail: &#x70;&#x6f;&#x73;&#116;&#115;te&#x6c;&#x6c;&#x65;&#x40;&#108;&#102;d&#46;&#x6e;&#x69;&#x65;&#100;&#101;&#114;sa&#x63;&#x68;&#x73;&#101;&#110;&#46;d&#x65;<\/p>\n<p>&#8211; das Recht das Recht auf Widerspruch gegen die k\u00fcnftige Verarbeitung Ihrer Daten (Art. 21 DSGVO), sofern die Daten die Verarbeitung auf berechtigten Interessen gem. Art. 6 Abs. 1 lit. f) DSGVO beruht. Insbesondere k\u00f6nnen Sie der Datenverarbeitung zum Zwecke der Direktwerbung widersprechen.<\/p>\n","protected":false},"excerpt":{"rendered":"<p>Datenschutzerkl\u00e4rung Wenn Sie unsere Internetseite besuchen oder unsere Produkte bestellen verarbeiten wir in diesem Zusammenhang personenbezogene Daten von Ihnen. \u00dcber diese Datenverarbeitung und Ihre Rechte&#8230;<\/p>\n<div class=\"more-link-wrapper\"><a class=\"more-link\" href=\"http:\/\/vollkornbaeckerei-scharnebeck.de\/?page_id=25\">Weiterlesen<span class=\"screen-reader-text\">Datenschutzerkl\u00e4rung<\/span><\/a><\/div>\n","protected":false},"author":1,"featured_media":0,"parent":11,"menu_order":1,"comment_status":"closed","ping_status":"closed","template":"","meta":{"footnotes":""},"_links":{"self":[{"href":"http:\/\/vollkornbaeckerei-scharnebeck.de\/index.php?rest_route=\/wp\/v2\/pages\/25"}],"collection":[{"href":"http:\/\/vollkornbaeckerei-scharnebeck.de\/index.php?rest_route=\/wp\/v2\/pages"}],"about":[{"href":"http:\/\/vollkornbaeckerei-scharnebeck.de\/index.php?rest_route=\/wp\/v2\/types\/page"}],"author":[{"embeddable":true,"href":"http:\/\/vollkornbaeckerei-scharnebeck.de\/index.php?rest_route=\/wp\/v2\/users\/1"}],"replies":[{"embeddable":true,"href":"http:\/\/vollkornbaeckerei-scharnebeck.de\/index.php?rest_route=%2Fwp%2Fv2%2Fcomments&post=25"}],"version-history":[{"count":6,"href":"http:\/\/vollkornbaeckerei-scharnebeck.de\/index.php?rest_route=\/wp\/v2\/pages\/25\/revisions"}],"predecessor-version":[{"id":39,"href":"http:\/\/vollkornbaeckerei-scharnebeck.de\/index.php?rest_route=\/wp\/v2\/pages\/25\/revisions\/39"}],"up":[{"embeddable":true,"href":"http:\/\/vollkornbaeckerei-scharnebeck.de\/index.php?rest_route=\/wp\/v2\/pages\/11"}],"wp:attachment":[{"href":"http:\/\/vollkornbaeckerei-scharnebeck.de\/index.php?rest_route=%2Fwp%2Fv2%2Fmedia&parent=25"}],"curies":[{"name":"wp","href":"https:\/\/api.w.org\/{rel}","templated":true}]}}

Datenschutzerklärung

<p><strong>Datenschutzerklärung</strong></p>
<p>Wenn Sie unsere Internetseite besuchen oder unsere Produkte bestellen verarbeiten wir in diesem Zusammenhang personenbezogene Daten von Ihnen. Über diese Datenverarbeitung und Ihre Rechte informieren wie Sie im Folgenden.</p>
<p><strong>Wer ist für die Verarbeitung Ihrer Daten verantwortlich?</strong></p>
<p>Regina Dehmel<br />
Bäckermeisterin<br />
Hauptstraße 24<br />
21379 Scharnebeck<br />
Fon: 04136 – 8848<br />
Fax: 04136 – 911288<br />
E-Mail: &#x6b;&#111;&#x6e;&#x74;&#97;&#x6b;&#x74;&#64;&#x73;&#x63;&#104;&#x61;&#x72;n&#x65;&#x62;a&#x65;&#99;k&#x65;&#114;&#46;&#x64;&#101;</p>
<p><strong>Serverdaten</strong></p>
<p>Wenn Sie unsere Internetseite besuchen verarbeiten wir folgende Daten von Ihnen:</p>
<p>&#8211; Browsertyp und -version des zugreifenden Rechners<br />
&#8211; Betriebssystem des zugreifenden Rechners<br />
&#8211; Referenz ULR<br />
&#8211; IP-Adresse<br />
&#8211; Hostname des zugreifenden Rechners<br />
&#8211; Uhrzeit der Serveranfrage<br />
&#8211; Menge der gesendeten Daten in Bytes</p>
<p>Diese Daten werden so genannten Logfiles von Ihrem Browser automatisch an uns übermittelt. Sie werden nur vorübergehend gespeichert und nach Beendigung des Besuches unserer Internetseite gelöscht, soweit sie nicht zu Beweiszwecken bei technischen Vorfällen benötigt werden oder Aufbewahrungspflichten einer Löschung entgegenstehen.</p>
<p>Rechtsgrundlage ist unser berechtigtes Interesse an der werblichen Präsentation unserer Bäckerei und der Gewährleistung der technischen Sicherheit und Stabilität unserer Internetseite (Art. 6 Abs. 1 Buchst. f) DSGVO).</p>
<p><strong>Kontaktdaten</strong></p>
<p>Wenn Sie unsere Produkte bestellen werden zur Abwicklung Ihrer Bestellung folgende Daten von Ihnen verarbeitet:</p>
<p>&#8211; Name<br />
&#8211; Lieferadresse<br />
&#8211; Rechnungsadresse<br />
&#8211; Kontaktdaten wie Telefonnummer, E-Mailadresse<br />
&#8211; Bankverbindungsdaten</p>
<p>Diese Daten erhalten wir von Ihnen selbst.<br />
Rechtsgrundlage ist die Anbahnung und Durchführung des mit Ihnen geschlossenen Vertrages (Art. 6 Abs. 1 Buchst. b) DSGVO). Wir speichern diese Daten im Rahmen der bestehenden Geschäftsbeziehung. Eine Löschung erfolgt nach Ende der Geschäftsbeziehung, soweit keine Aufbewahrungspflichten (z.B. aus steuerrechtlichen Vorschriften) einer Löschung entgegenstehen.</p>
<p>Zur Auslieferung Ihrer Bestellung werden Name, Lieferadresse und Telefonnummer an unseren Lieferdienst weitergegeben.</p>
<p><strong>Werden meine Daten in Länder außerhalb des Geltungsbereiches der DSGVO übermittelt?</strong></p>
<p>Eine Datenübermittlung in so genannte Drittländer findet nicht statt.</p>
<p><strong>Welche Rechte kann ich im Hinblick auf die Verarbeitung meiner Daten geltend machen?</strong></p>
<p>In Bezug auf die Verarbeitung Ihrer Daten können Sie uns gegenüber folgende Rechte geltend machen:</p>
<p>&#8211; das Recht auf Bestätigung, ob Ihre Daten verarbeitet werden, auf Auskunft über die verarbeiteten Daten, auf weitere Informationen über die Datenverarbeitung sowie auf Kopien der Daten (Art. 15 DSGVO)<br />
&#8211; das Recht auf Berichtigung oder Vervollständigung unrichtiger bzw. unvollständiger Daten (Art. 16 DSGVO)<br />
&#8211; das Recht auf Löschung der Sie betreffenden Daten (Art. 17 DSGVO), bzw. soweit eine weitere Verarbeitung gemäß Art. 17 Abs. 3 DSGVO unsererseits erforderlich ist, auf Einschränkung der Verarbeitung (Art. 18 DSGVO)<br />
&#8211; das Recht auf Beschwerde gegenüber der Aufsichtsbehörde, sollten Sie der Ansicht sein, dass die Ihre Daten nicht entsprechend bestehender datenschutzrechtlichen Bestimmungen verarbeitet werden (Art. 77 DSGVO). Die für uns zuständige Aufsichtsbehörde ist die<br />
Landesbeauftragte für den Datenschutz Niedersachsen<br />
Telefon: +49 (0511) 120 45 00<br />
Telefax: +49 (0511) 120 45 99<br />
E-Mail: &#x70;&#x6f;&#x73;&#116;&#115;te&#x6c;&#x6c;&#x65;&#x40;&#108;&#102;d&#46;&#x6e;&#x69;&#x65;&#100;&#101;&#114;sa&#x63;&#x68;&#x73;&#101;&#110;&#46;d&#x65;</p>
<p>&#8211; das Recht das Recht auf Widerspruch gegen die künftige Verarbeitung Ihrer Daten (Art. 21 DSGVO), sofern die Daten die Verarbeitung auf berechtigten Interessen gem. Art. 6 Abs. 1 lit. f) DSGVO beruht. Insbesondere können Sie der Datenverarbeitung zum Zwecke der Direktwerbung widersprechen.</p>

<p>Datenschutzerklärung Wenn Sie unsere Internetseite besuchen oder unsere Produkte bestellen verarbeiten wir in diesem Zusammenhang personenbezogene Daten von Ihnen. Über diese Datenverarbeitung und Ihre Rechte&#8230;</p>
<div class="more-link-wrapper"><a class="more-link" href="http://vollkornbaeckerei-scharnebeck.de/?page_id=25">Weiterlesen<span class="screen-reader-text">Datenschutzerklärung</span></a></div>
